{"id":11871,"date":"2022-01-04T22:02:02","date_gmt":"2022-01-04T21:02:02","guid":{"rendered":"https:\/\/dariuszdylag.pl\/?page_id=11871"},"modified":"2025-11-14T18:57:53","modified_gmt":"2025-11-14T17:57:53","slug":"imperial-war-museum","status":"publish","type":"page","link":"https:\/\/dariuszdylag.pl\/?page_id=11871","title":{"rendered":"Polskich akcent\u00f3w na sta\u0142ych wystawach Imperial War Muzeum wypatruj\u0105c&#8230;"},"content":{"rendered":"\n<p>Londy\u0144skie muzeum historii wojskowo\u015bci zosta\u0142o za\u0142o\u017cone w roku 1917 dla upami\u0119tnienia poleg\u0142ych w czasie Wielkiej Wojny. Otwarcia w 1920 roku dokona\u0142 kr\u00f3l Jerzy V. Mie\u015bci\u0142o si\u0119 wtedy w budynku Kryszta\u0142owego Pa\u0142acu, kt\u00f3ry sp\u0142on\u0105\u0142 w 1936 roku. Siedzib\u0119 przeniesiono na Lambeth Road w Southwark do budynku pe\u0142ni\u0105cego pierwotnie funkcj\u0119 szpitala psychiatrycznego, znanego jako &#8220;Bedlam&#8221;. Kolekcja muzeum by\u0142a uzupe\u0142niana w czasie II wojny \u015bwiatowej i w 1953 roku. W setn\u0105 rocznic\u0119 wybuchu Wielkiej Wojny otwarto &#8220;First World War Galleries&#8221;, w kt\u00f3rej mo\u017cna zobaczy\u0107 okop z tego okresu czy przedmioty dotycz\u0105ce rozejmu bo\u017conarodzeniowego. Po ostatniej modernizacji, kosztuj\u0105cej 40 mln funt\u00f3w, w nowym atrium znajduj\u0105 si\u0119 samoloty bojowe ze &#8220;spitfajerem&#8221; na czele, pocisk rakietowy V2 czy czo\u0142g T-34.  Nie ukrywam, \u017ce z pewn\u0105 tak\u0105 do\u015b\u0107 irracjonaln\u0105 nadziej\u0105 wypatrywa\u0142em na  sta\u0142ych wystawach jakich\u015b polskich akcent\u00f3w. Na ekspozycji First World War Galleries doszuka\u0142em si\u0119 (patrz zdj\u0119cie w galerii poni\u017cej) polskoj\u0119zycznego plakatu &#8220;Nasza armia potrzebuje metali!&#8221;, cho\u0107 w zbiorach muzeum znajduje si\u0119 arcyciekawa kolekcja zatytu\u0142owana <a href=\"https:\/\/www.iwm.org.uk\/collections\/item\/object\/205227673\">The Polish Army on the Western Front, 1917-1918<\/a>.  Niestety, z czas\u00f3w II wojny \u015bwiatowej, nie znalaz\u0142em cho\u0107by male\u0144kiego \u015bladu. Jednocze\u015bnie pragn\u0119 zaznaczy\u0107, i\u017c nie dysponowa\u0142em zbyt du\u017c\u0105 ilo\u015bci\u0105 czasu na zwiedzanie i mog\u0142em przecie\u017c co\u015b po prostu przeoczy\u0107. Oczywi\u015bcie w muzealnych magazynach znajdziemy np. zdigitalizowane fotograficzne polonica, m.in:  <a href=\"https:\/\/www.iwm.org.uk\/collections\/search?filters%5BeventString%5D%5BGerman-Russian%20Invasion%20of%20Poland%201939%2C%20Second%20World%20War%5D=on\">German-Russian Invasion of Poland 1939, Second World War<\/a>,  <a href=\"https:\/\/www.iwm.org.uk\/collections\/search?filters%5BthemeString%5D%5BNazi-Soviet%20Invasion%20of%20Poland%2C%201939%5D=on\">Nazi-Soviet Invasion of Poland, 1939<\/a>,  <a href=\"https:\/\/www.iwm.org.uk\/collections\/search?filters%5BthemeString%5D%5BNazi-Soviet%20Military%20Cooperation%201939-1941%5D=on\">Nazi-Soviet Military Cooperation 1939-1941<\/a>,  <a href=\"https:\/\/www.iwm.org.uk\/collections\/search?filters%5BthemeString%5D%5BGerman-Soviet%20Occupation%20of%20Poland%201939-1941%5D=on\">German-Soviet Occupation of Poland 1939-1941<\/a>, <a href=\"https:\/\/www.iwm.org.uk\/collections\/search?filters%5BthemeString%5D%5BPoland%201939-1945%5D=on\">Poland 1939-1945<\/a> czy  <a href=\"https:\/\/www.iwm.org.uk\/collections\/search?filters%5BthemeString%5D%5BPolish%20Armed%20Forces%201939-1945%5D=on\">Polish Armed Forces 1939-1945<\/a>,  <a href=\"https:\/\/www.iwm.org.uk\/collections\/item\/object\/205184051\">The Polish Army in the Soviet Union, 1941-1942<\/a>, <a href=\"https:\/\/www.iwm.org.uk\/collections\/item\/object\/205303862\">The Polish Army in the Middle East, 1942-1943<\/a>, <a href=\"https:\/\/www.iwm.org.uk\/collections\/item\/object\/205184039\">The Polish Army in the Italian Campaign, 1943-1945<\/a>, <a href=\"https:\/\/www.iwm.org.uk\/collections\/item\/object\/205222198\">The Polish Army in the Normandy Campaign, 1944<\/a> , <a href=\"https:\/\/www.iwm.org.uk\/collections\/search?filters%5BthemeString%5D%5BPolish%20Army%20in%20Britain%2C%201940-1947%5D=on\">Polish Army in Britain, 1940-1947<\/a>. Natomiast niejakim zaskoczeniem by\u0142 dla mnie wyeksponowany portret oskar\u017canego o zbrodnie wojenne (szereg zdj\u0119\u0107 dokumentalnych z kampanii polskiej 1939 r. z p\u0142on\u0105cymi wsiami i miastami jest w\u0142a\u015bnie tu: <a href=\"https:\/\/www.iwm.org.uk\/collections\/item\/object\/205093614\">German-Russian Invasion of Poland 1939, Second World War<\/a>) niemieckiego genera\u0142a, Heinza Guderiana, obok wicehrabiego Montgomery of Alamein (patrz zdj\u0119cie w poni\u017cszej galerii); tak, tego samego, kt\u00f3ry win\u0105 za w\u0142asne niepowodzenie w operacji &#8220;Market Garden&#8221; obarczy\u0142 (nawiasem pisz\u0105c urodzonego w Stanis\u0142awowie) gen. Stanis\u0142awa Sosabowskiego i doprowadzi\u0142  do odebrania mu dowodzenia 1. SBS.<\/p>\n\n\n\nngg_shortcode_0_placeholder\n\n<center><a href=\"https:\/\/buycoffee.to\/pan-dede\" target=\"_blank\"><img decoding=\"async\" src=\"https:\/\/buycoffee.to\/static\/img\/share\/share-button-dark.png\" style=\"width: 156px; height: 40px\" alt=\"Postaw mi kaw\u0119 na buycoffee.to\"\/><br \/><br \/><b>Je\u015bli podobaj\u0105 Ci si\u0119 publikowane tutaj tre\u015bci i chcesz wesprze\u0107 moj\u0105 prac\u0119, <br \/>mo\u017cesz postawi\u0107 mi wirtualn\u0105 kaw\u0119. <br \/><i>Mn\u00f3stwo serdeczno\u015bci!<\/i><\/b><\/a><\/center>","protected":false},"excerpt":{"rendered":"<p>Londy\u0144skie muzeum historii wojskowo\u015bci zosta\u0142o za\u0142o\u017cone w roku 1917 dla upami\u0119tnienia poleg\u0142ych w czasie Wielkiej Wojny. Otwarcia w 1920 roku dokona\u0142 kr\u00f3l Jerzy V. Mie\u015bci\u0142o si\u0119 wtedy w budynku Kryszta\u0142owego Pa\u0142acu, kt\u00f3ry sp\u0142on\u0105\u0142 w 1936 roku. Siedzib\u0119 przeniesiono na Lambeth Road w Southwark do budynku pe\u0142ni\u0105cego pierwotnie funkcj\u0119 szpitala psychiatrycznego, znanego jako &#8220;Bedlam&#8221;. Kolekcja muzeum [&hellip;]<\/p>\n","protected":false},"author":1,"featured_media":11923,"parent":0,"menu_order":0,"comment_status":"closed","ping_status":"closed","template":"","meta":{"ngg_post_thumbnail":0,"footnotes":""},"class_list":["post-11871","page","type-page","status-publish","has-post-thumbnail","czr-hentry"],"_links":{"self":[{"href":"https:\/\/dariuszdylag.pl\/index.php?rest_route=\/wp\/v2\/pages\/11871","targetHints":{"allow":["GET"]}}],"collection":[{"href":"https:\/\/dariuszdylag.pl\/index.php?rest_route=\/wp\/v2\/pages"}],"about":[{"href":"https:\/\/dariuszdylag.pl\/index.php?rest_route=\/wp\/v2\/types\/page"}],"author":[{"embeddable":true,"href":"https:\/\/dariuszdylag.pl\/index.php?rest_route=\/wp\/v2\/users\/1"}],"replies":[{"embeddable":true,"href":"https:\/\/dariuszdylag.pl\/index.php?rest_route=%2Fwp%2Fv2%2Fcomments&post=11871"}],"version-history":[{"count":7,"href":"https:\/\/dariuszdylag.pl\/index.php?rest_route=\/wp\/v2\/pages\/11871\/revisions"}],"predecessor-version":[{"id":19772,"href":"https:\/\/dariuszdylag.pl\/index.php?rest_route=\/wp\/v2\/pages\/11871\/revisions\/19772"}],"wp:featuredmedia":[{"embeddable":true,"href":"https:\/\/dariuszdylag.pl\/index.php?rest_route=\/wp\/v2\/media\/11923"}],"wp:attachment":[{"href":"https:\/\/dariuszdylag.pl\/index.php?rest_route=%2Fwp%2Fv2%2Fmedia&parent=11871"}],"curies":[{"name":"wp","href":"https:\/\/api.w.org\/{rel}","templated":true}]}}